en 2769819 is divided by 703?
702
What is the remainder when 1671684 is divided by 208651?
2476
What is the remainder when 445995 is divided by 569?
468
Calculate the remainder when 3907298 is divided by 573.
11
What is the remainder when 198437 is divided by 85?
47
Calculate the remainder when 316843 is divided by 3224.
891
What is the remainder when 516251 is divided by 1039?
907
What is the remainder when 9558 is divided by 3914?
1730
What is the remainder when 8873 is divided by 2137?
325
Calculate the remainder when 9068552 is divided by 784.
24
What is the remainder when 2253343 is divided by 1126668?
7
Calculate the remainder when 342629 is divided by 1736.
637
What is the remainder when 59878706 is divided by 19?
16
Calculate the remainder when 150440028 is divided by 25.
3
Calculate the remainder when 612915 is divided by 47147.
4
Calculate the remainder when 1570273 is divided by 571.
23
What is the remainder when 13479416 is divided by 11?
5
What is the remainder when 7782 is divided by 7148?
634
What is the remainder when 64291425 is divided by 2?
1
Calculate the remainder when 83538343 is divided by 2744.
7
Calculate the remainder when 535133 is divided by 110.
93
What is the remainder when 7298498 is divided by 98628?
26
Calculate the remainder when 6644307 is divided by 2214769.
0
Calculate the remainder when 26899916 is divided by 8282.
8262
Calculate the remainder when 1002166 is divided by 429.
22
What is the remainder when 4534380 is divided by 1435?
1215
Calculate the remainder when 10049475 is divided by 38801.
16
Calculate the remainder when 59453159 is divided by 8.
7
What is the remainder when 125948 is divided by 1968?
1964
What is the remainder when 17704748 is divided by 117249?
149
What is the remainder when 7273840 is divided by 1231?
1092
What is the remainder when 217091 is divided by 107502?
2087
What is the remainder when 29422 is divided by 9235?
1717
What is the remainder when 8357 is divided by 249?
140
What is the remainder when 73515 is divided by 329?
148
Calculate the remainder when 241152 is divided by 4315.
3827
Calculate the remainder when 59231 is divided by 134.
3
What is the remainder when 559881 is divided by 186514?
339
What is the remainder when 4294769 is divided by 294?
17
Calculate the remainder when 22908539 is divided by 25.
14
What is the remainder when 545001206 is divided by 692?
690
Calculate the remainder when 2419628 is divided by 2419616.
12
Calculate the remainder when 96344825 is divided by 189.
185
Calculate the remainder when 1117807 is divided by 457.
442
What is the remainder when 133759 is divided by 49?
38
Calculate the remainder when 74182987 is divided by 76.
71
Calculate the remainder when 1418550 is divided by 1715.
245
Calculate the remainder when 122555774 is divided by 1237.
1236
Calculate the remainder when 12214293 is divided by 2339.
35
Calculate the remainder when 2825477 is divided by 2223.
44
What is the remainder when 201266 is divided by 4115?
3746
What is the remainder when 99018 is divided by 142?
44
Calculate the remainder when 13726 is divided by 6634.
458
What is the remainder when 1832006 is divided by 25432?
902
Calculate the remainder when 372249 is divided by 12634.
5863
What is the remainder when 10221714 is divided by 2044342?
4
Calculate the remainder when 166275129 is divided by 6359.
6356
What is the remainder when 23769934 is divided by 950?
934
What is the remainder when 3721677 is divided by 9?
6
What is the remainder when 3227962 is divided by 461126?
80
Calculate the remainder when 386911 is divided by 12088.
95
What is the remainder when 282782 is divided by 656?
46
What is the remainder when 3342319 is divided by 223?
218
Calculate the remainder when 14344409 is divided by 211.
207
Calculate the remainder when 1424639 is divided by 3392.
3391
Calculate the remainder when 1098570 is divided by 2041.
512
Calculate the remainder when 3320575 is divided by 17.
16
Calculate the remainder when 49782 is divided by 49575.
207
Calculate the remainder when 718837 is divided by 48.
37
What is the remainder when 1573034 is divided by 116?
74
What is the remainder when 2336990 is divided by 11984?
110
What is the remainder when 3201201 is divided by 241?
239
What is the remainder when 25078 is divided by 895?
18
What is the remainder when 122086080 is divided by 229?
226
What is the remainder when 556786 is divided by 11127?
436
Calculate the remainder when 6718378 is divided by 119.
114
What is the remainder when 1397306 is divided by 93137?
251
Calculate the remainder when 24779507 is divided by 7301.
7214
What is the remainder when 438225 is divided by 1599?
99
Calculate the remainder when 541867 is divided by 22483.
2275
Calculate the remainder when 715107 is divided by 178754.
91
What is the remainder when 1425385 is divided by 238?
3
What is the remainder when 2715445 is divided by 207?
19
What is the remainder when 139622 is divided by 13940?
222
Calculate the remainder when 15850888 is divided by 593.
591
Calculate the remainder when 1316285 is divided by 638.
91
Calculate the remainder when 413816 is divided by 242.
238
What is the remainder when 2409084 is divided by 46?
18
Calculate the remainder when 2974358 is divided by 9324.
2
What is the remainder when 56357376 is divided by 103?
102
Calculate the remainder when 10577 is divided by 3261.
794
Calculate the remainder when 3102228 is divided by 793.
12
Calculate the remainder when 61030 is divided by 6088.
150
What is the remainder when 3789093 is divided by 315755?
33
What is the remainder when 124076 is divided by 31010?
36
Calculate the remainder when 5705299 is divided by 5.
4
What is the remainder when 39396 is divided by 166?
54
Calculate the remainder when 175139 is divided by 190.
149
Calculate the remainder when 1341548 is divided by 18657.
16901
Calculate the remainder when 128663 is divided by 2573.
13
What is the remainder when 102865 is divided by 283?
136
What is the remainder when 13998224 is divided by 289?
220
What is the remainder when 27704 is divided by 1942?
516
Calculate the remainder when 322699 is divided by 21791.
17625
Calculate the remainder when 1499081 is divided by 259.
248
What is the remainder when 995617 is divided by 603?
64
What is the remainder when 414326 is divided by 297?
11
What is the remainder when 14838762 is divided by 9?
3
What is the remainder when 129421599 is divided by 280?
279
What is the remainder when 1968633 is divided by 74?
11
Calculate the remainder when 1158364 is divided by 36.
28
What is the remainder when 6376616 is divided by 1473?
1472
Calculate the remainder when 2651175 is divided by 2650974.
201
What is the remainder when 8311834 is divided by 1383?
4
Calculate the remainder when 18748 is divided by 1161.
172
Calculate the remainder when 922791 is divided by 247.
246
What is the remainder when 96041161 is divided by 141?
139
Calculate the remainder when 1382350 is divided by 416.
398
Calculate the remainder when 4663 is divided by 562.
167
Calculate the remainder when 13308045 is divided by 218163.
102
Calculate the remainder when 171224 is divided by 2258.
1874
What is the remainder when 1050369 is divided by 1777?
162
Calculate the remainder when 5885361 is divided by 12522.
21
Calculate the remainder when 673400 is divided by 2695.
2345
What is the remainder when 10325724 is divided by 1650?
24
What is the remainder when 107912017 is divided by 543?
541
What is the remainder when 126902616 is divided by 1923?
0
Calculate the remainder when 405685 is divided by 722.
643
What is the remainder when 35746 is divided by 8464?
1890
Calculate the remainder when 1256786 is divided by 85.
61
What is the remainder when 4576810 is divided by 1525068?
1606
What is the remainder when 2176864 is divided by 435369?
19
What is the remainder when 837725 is divided by 26?
5
What is the remainder when 881522 is divided by 241?
185
What is the remainder when 680377 is divided by 29?
8
Calculate the remainder when 552719 is divided by 138152.
111
Calculate the remainder when 3168152 is divided by 4382.
4348
What is the remainder when 677740 is divided by 677659?
81
What is the remainder when 437898 is divided by 43789?
8
What is the remain